 prime factors of 938206.
2, 53, 167
What are the prime factors of 647821?
647821
List the prime factors of 222611.
31, 43, 167
List the prime factors of 13217333.
1889, 6997
List the prime factors of 183797.
183797
What are the prime factors of 118699?
7, 31, 547
What are the prime factors of 10796638?
2, 5398319
What are the prime factors of 48382?
2, 17, 1423
List the prime factors of 22724175.
3, 5, 302989
List the prime factors of 91741.
13, 7057
What are the prime factors of 292352?
2, 571
List the prime factors of 199728.
2, 3, 19, 73
What are the prime factors of 16351473?
3, 5450491
What are the prime factors of 15455395?
5, 269, 11491
What are the prime factors of 53365?
5, 13, 821
List the prime factors of 3694811.
47, 127, 619
List the prime factors of 17743699.
17, 1043747
List the prime factors of 238838.
2, 119419
List the prime factors of 21077698.
2, 10538849
List the prime factors of 488578.
2, 191, 1279
What are the prime factors of 695510?
2, 5, 157, 443
List the prime factors of 1437517.
1437517
What are the prime factors of 33220518?
2, 3, 5536753
List the prime factors of 75781.
75781
List the prime factors of 111361.
193, 577
What are the prime factors of 360187?
360187
What are the prime factors of 3158232?
2, 3, 7, 11, 1709
List the prime factors of 2076020.
2, 5, 103801
What are the prime factors of 2684528?
2, 7, 11, 2179
What are the prime factors of 7878031?
7, 1125433
What are the prime factors of 16622821?
17, 977813
What are the prime factors of 583601?
37, 15773
List the prime factors of 6713520.
2, 3, 5, 11, 2543
List the prime factors of 345047.
345047
What are the prime factors of 5317439?
23, 47, 4919
What are the prime factors of 70355?
5, 14071
What are the prime factors of 170008?
2, 79, 269
What are the prime factors of 40873127?
47, 18503
What are the prime factors of 9234489?
3, 11, 233, 1201
List the prime factors of 4413055.
5, 191, 4621
What are the prime factors of 922926?
2, 3, 193, 797
What are the prime factors of 95602?
2, 13, 3677
List the prime factors of 2019276.
2, 3, 7, 2671
What are the prime factors of 482365?
5, 13, 41, 181
What are the prime factors of 106967?
7, 37, 59
What are the prime factors of 7997970?
2, 3, 5, 266599
What are the prime factors of 3788669?
3788669
What are the prime factors of 250967?
250967
What are the prime factors of 10682428?
2, 139, 19213
What are the prime factors of 133520?
2, 5, 1669
List the prime factors of 324954.
2, 3, 7, 2579
What are the prime factors of 10829383?
29, 421, 887
What are the prime factors of 5916340?
2, 5, 17, 17401
What are the prime factors of 1765724?
2, 73, 6047
What are the prime factors of 144895?
5, 28979
List the prime factors of 842989.
7, 120427
List the prime factors of 196885.
5, 13, 233
List the prime factors of 770742.
2, 3, 7, 2039
List the prime factors of 9601986.
2, 3, 43, 37217
What are the prime factors of 20984?
2, 43, 61
What are the prime factors of 882613?
47, 89, 211
List the prime factors of 3882436.
2, 59, 16451
What are the prime factors of 5125124?
2, 1281281
What are the prime factors of 370887?
3, 11, 11239
What are the prime factors of 439866?
2, 3, 7, 3491
List the prime factors of 7746625.
5, 29, 2137
List the prime factors of 614110.
2, 5, 7, 31, 283
What are the prime factors of 5113973?
2011, 2543
List the prime factors of 27314577.
3, 337217
List the prime factors of 1898784.
2, 3, 19, 347
List the prime factors of 1649083.
1109, 1487
What are the prime factors of 2570493?
3, 856831
List the prime factors of 1733731.
19, 91249
What are the prime factors of 517524?
2, 3, 7, 61, 101
What are the prime factors of 249844?
2, 7, 8923
List the prime factors of 9963650.
2, 5, 101, 1973
What are the prime factors of 275427?
3, 101
List the prime factors of 6684274.
2, 3342137
What are the prime factors of 231790?
2, 5, 13, 1783
List the prime factors of 5361307.
7, 17, 45053
What are the prime factors of 20986592?
2, 11, 59621
List the prime factors of 6556236.
2, 3, 546353
List the prime factors of 8805463.
8805463
List the prime factors of 27868432.
2, 809, 2153
What are the prime factors of 660810?
2, 3, 5, 22027
What are the prime factors of 982847?
982847
List the prime factors of 225100.
2, 5, 2251
What are the prime factors of 462499?
462499
What are the prime factors of 5793572?
2, 73, 19841
List the prime factors of 23598731.
13, 1815287
List the prime factors of 675078.
2, 3, 59, 1907
List the prime factors of 22026753.
3, 7, 127, 2753
What are the prime factors of 5725599?
3, 11, 15773
List the prime factors of 1015946.
2, 37, 13729
What are the prime factors of 1368518?
2, 43, 15913
List the prime factors of 1612866.
2, 3, 268811
List the prime factors of 442475.
5, 11, 1609
List the prime factors of 138067.
101, 1367
List the prime factors of 12141261.
3, 11, 11149
What are the prime factors of 8859?
3, 2953
List the prime factors of 20966462.
2, 11, 19, 50159
List the prime factors of 142456.
2, 17807
List the prime factors of 6638448.
2, 3, 19, 29, 251
List the prime factors of 627140.
2, 5, 31357
List the prime factors of 75819.
3, 127, 199
List the prime factors of 319426.
2, 59, 2707
What are the prime factors of 11826112?
2, 257, 719
What are the prime factors of 5123746?
2, 2561873
List the prime factors of 1783719.
3, 7, 23, 1231
List the prime factors of 1641023.
29, 71, 797
List the prime factors of 1093360.
2, 5, 79, 173
List the prime factors of 4535942.
2, 2267971
List the prime factors of 1888377.
3, 17, 61, 607
What are the prime factors of 161572?
2, 31, 1303
List the prime factors of 15577931.
79, 293, 673
What are the prime factors of 245424?
2, 3, 5113
List the prime factors of 99190.
2, 5, 7, 13, 109
List the prime factors of 506399.
349, 1451
List the prime factors of 376341.
3, 7, 17921
What are the prime factors of 3687292?
2, 7, 19, 29, 239
What are the prime factors of 1835034?
2, 3, 305839
What are the prime factors of 729973?
37, 109, 181
List the prime factors of 18136637.
17, 41, 26021
What are the prime factors of 7544863?
47, 229, 701
List the prime factors of 16257272.
2, 2032159
What are the prime factors of 3728462?
2, 163, 11437
What are the prime factors of 3650909?
241, 15149
List the prime factors of 17664391.
23, 811, 947
List the prime factors of 382745.
5, 11, 6959
List the prime factors of 9701533.
19, 67, 7621
List the prime factors of 5674429.
151, 37579
What are the prime factors of 23071511?
23071511
What are the prime factors of 23823155?
5, 4764631
What are the prime factors of 35166?
2, 3, 5861
List the prime factors of 333616.
2, 29, 719
List the prime factors of 1344797.
1344797
What are the prime factors of 301542?
2, 3, 29, 1733
List the prime factors of 13474725.
3, 5, 11, 16333
List the prime factors of 937469.
13, 37, 1949
List the prime factors of 146321.
7, 20903
What are the prime factors of 2526162?
2, 3, 241, 1747
List the prime factors of 208481.
7, 13, 29, 79
List the prime factors of 1490427.
3, 55201
What are the prime factors of 2875432?
2, 7, 51347
List the prime factors of 206275.
5, 37, 223
List the prime factors of 211553.
89, 2377
List the prime factors of 313866.
2, 3, 7, 47, 53
What are the prime factors of 1631625?
3, 5, 19, 229
List the prime factors of 1246791.
3, 7, 13, 4567
What are the prime factors of 2612636?
2, 13, 47, 1069
What are the prime factors of 2619107?
569, 4603
What are the prime factors of 779061?
3, 31, 8377
List the prime factors of 873317.
873317
What are the prime factors of 51772?
2, 7, 43
What are the prime factors of 1066021?
11, 96911
What are the prime factors of 25687262?
2, 619, 20749
What are the prime factors of 3240516?
2, 3, 23, 59, 199
What are the prime factors of 555680?
2, 5, 23, 151
What are the prime factors of 4436993?
11, 403363
List the prime factors of 420762.
2, 3, 23, 3049
What are the prime factors of 1659593?
13, 19, 6719
List the prime factors of 1863949.
37, 50377
List the prime factors of 670359.
3, 73, 3061
What are the prime factors of 2689172?
2, 672293
What are the prime factors of 83639?
83639
List the prime factors of 29413202.
2, 7, 13, 161611
What are the prime factors of 3813722?
2, 11, 23, 7537
List the prime factors of 5640324.
2, 3, 127, 3701
List t